atest common divisor of 42 and 14?
14
Calculate the highest common factor of 63 and 3087.
63
What is the greatest common divisor of 5922 and 21?
21
What is the greatest common factor of 25 and 4075?
25
What is the greatest common divisor of 9189 and 18?
9
What is the greatest common factor of 15 and 570?
15
What is the highest common divisor of 51 and 8262?
51
Calculate the highest common factor of 132 and 3564.
132
Calculate the highest common divisor of 29560 and 40.
40
What is the greatest common divisor of 25 and 1325?
25
Calculate the highest common factor of 3741 and 86.
43
Calculate the highest common divisor of 6 and 501.
3
What is the highest common divisor of 91 and 78?
13
Calculate the greatest common divisor of 86 and 2150.
86
Calculate the highest common divisor of 1180 and 180.
20
Calculate the greatest common factor of 260 and 60.
20
What is the greatest common divisor of 1335 and 15?
15
What is the highest common factor of 210 and 330?
30
What is the highest common factor of 40 and 16?
8
What is the highest common divisor of 55 and 50?
5
Calculate the greatest common factor of 38 and 646.
38
Calculate the greatest common factor of 7 and 1400.
7
What is the greatest common factor of 535 and 45?
5
What is the highest common factor of 24424 and 213?
71
What is the highest common factor of 75 and 15?
15
Calculate the highest common divisor of 91 and 325.
13
What is the highest common divisor of 9504 and 1760?
352
What is the greatest common divisor of 65 and 104?
13
Calculate the highest common factor of 78 and 13611.
39
What is the greatest common divisor of 28 and 1708?
28
What is the greatest common factor of 3660 and 20?
20
What is the highest common factor of 1102 and 950?
38
What is the highest common factor of 101 and 4343?
101
Calculate the highest common factor of 8 and 20744.
8
Calculate the greatest common divisor of 418 and 38.
38
Calculate the greatest common divisor of 54 and 594.
54
What is the greatest common factor of 18 and 68454?
18
What is the highest common factor of 442 and 17?
17
What is the highest common divisor of 1872 and 48?
48
What is the greatest common factor of 364 and 273?
91
What is the greatest common factor of 2890 and 1615?
85
What is the greatest common divisor of 26 and 416?
26
Calculate the greatest common factor of 336 and 196.
28
What is the highest common factor of 2 and 181?
1
Calculate the highest common factor of 134 and 1541.
67
What is the highest common divisor of 609 and 21?
21
What is the greatest common divisor of 702 and 78?
78
Calculate the highest common factor of 8 and 7944.
8
What is the greatest common factor of 24 and 5316?
12
Calculate the highest common divisor of 132 and 462.
66
What is the highest common divisor of 4693 and 13?
13
What is the highest common divisor of 6386 and 124?
62
What is the greatest common factor of 129 and 8815?
43
What is the greatest common factor of 455 and 26?
13
Calculate the highest common factor of 59000 and 20.
20
Calculate the highest common divisor of 52 and 52.
52
What is the highest common divisor of 238 and 4403?
119
Calculate the highest common divisor of 8 and 1156.
4
Calculate the greatest common factor of 21 and 189.
21
What is the highest common factor of 48 and 336?
48
What is the highest common factor of 143 and 39?
13
Calculate the greatest common divisor of 9 and 1143.
9
Calculate the highest common factor of 4859 and 215.
43
What is the highest common factor of 46 and 23?
23
What is the greatest common divisor of 2541 and 147?
21
What is the highest common factor of 1122 and 176?
22
What is the greatest common factor of 38 and 1425?
19
What is the greatest common divisor of 3 and 3261?
3
What is the greatest common divisor of 8 and 5212?
4
What is the greatest common factor of 8 and 364?
4
Calculate the highest common divisor of 23 and 69.
23
What is the highest common factor of 22 and 1463?
11
Calculate the greatest common factor of 15 and 405.
15
Calculate the greatest common factor of 2 and 18.
2
Calculate the highest common factor of 322 and 92.
46
What is the highest common factor of 28 and 28?
28
What is the highest common divisor of 425 and 50?
25
Calculate the greatest common divisor of 1920 and 1040.
80
Calculate the greatest common divisor of 550 and 325.
25
Calculate the highest common divisor of 33 and 561.
33
What is the greatest common divisor of 24 and 2604?
12
What is the greatest common factor of 221 and 51?
17
What is the highest common factor of 2984 and 24?
8
Calculate the greatest common divisor of 2398 and 77.
11
What is the highest common divisor of 72 and 41112?
72
Calculate the greatest common factor of 11625 and 93.
93
Calculate the highest common divisor of 30 and 4725.
15
What is the greatest common factor of 76 and 44?
4
Calculate the greatest common factor of 1431 and 106.
53
What is the highest common divisor of 426 and 120?
6
What is the greatest common factor of 32 and 10?
2
What is the highest common factor of 119 and 136?
17
Calculate the highest common divisor of 234 and 7215.
39
What is the highest common factor of 39 and 1833?
39
Calculate the highest common factor of 363 and 165.
33
What is the highest common factor of 1090 and 20?
10
What is the greatest common factor of 323 and 19?
19
What is the greatest common divisor of 30 and 25950?
30
Calculate the greatest common factor of 2 and 97.
1
What is the greatest common factor of 56 and 2072?
56
What is the highest common factor of 92 and 46?
46
What is the highest common divisor of 39 and 65?
13
What is the highest common divisor of 4 and 21?
1
Calculate the greatest common divisor of 16 and 92.
4
Calculate the highest common divisor of 250 and 2.
2
What is the highest common divisor of 187 and 44?
11
What is the greatest common factor of 9495 and 422?
211
Calculate the highest common factor of 2255 and 165.
55
Calculate the highest common divisor of 34 and 34.
34
Calculate the greatest common factor of 830 and 440.
10
Calculate the highest common divisor of 240 and 4380.
60
What is the greatest common divisor of 6665 and 43?
43
Calculate the greatest common factor of 656 and 1476.
164
Calculate the greatest common divisor of 40 and 340.
20
What is the greatest common divisor of 8 and 144?
8
What is the highest common factor of 77 and 917?
7
Calculate the greatest common factor of 20850 and 225.
75
What is the greatest common factor of 453 and 21?
3
What is the greatest common divisor of 4 and 37?
1
What is the highest common divisor of 11860 and 20?
20
Calculate the greatest common factor of 27 and 513.
27
What is the highest common factor of 14120 and 40?
40
Calculate the highest common factor of 676 and 19942.
338
Calculate the highest common divisor of 114 and 21774.
114
What is the highest common divisor of 10 and 5990?
10
Calculate the greatest common factor of 48 and 486.
6
Calculate the greatest common factor of 10764 and 9.
9
Calculate the greatest common factor of 23707 and 151.
151
What is the greatest common factor of 20 and 65?
5
Calculate the highest common divisor of 88 and 132.
44
What is the highest common divisor of 4 and 428?
4
What is the greatest common factor of 3223 and 11?
11
What is the highest common factor of 808 and 776?
8
Calculate the highest common divisor of 218 and 981.
109
What is the greatest common factor of 726 and 330?
66
What is the greatest common divisor of 59787 and 117?
117
What is the greatest common divisor of 176 and 384?
16
Calculate the highest common divisor of 10187 and 334.
167
Calculate the greatest common divisor of 150 and 1410.
30
What is the greatest common factor of 656 and 123?
41
Calculate the highest common factor of 1089 and 18.
9
What is the greatest common factor of 93 and 217?
31
Calculate the highest common divisor of 2326 and 2.
2
What is the highest common factor of 100 and 85?
5
What is the highest common factor of 108 and 96?
12
What is the highest common factor of 2624 and 738?
82
What is the greatest common divisor of 15 and 159?
3
What is the highest common divisor of 999 and 27?
27
Calculate the highest common factor of 1118 and 172.
86
Calculate the greatest common factor of 4 and 32.
4
Calculate the highest common factor of 160 and 64.
32
Calculate the hig